-39*h - 130 = -65*h. Calculate m(h).
33
Suppose -w + 4*q - 656 = 4*w, 0 = w + 4*q + 112. Let x = w - -132. Let g(o) = 6*o + 3 + o + 4 - x*o. What is g(-6)?
-11
Let m(o) = -79*o - 75*o - 72*o + 69*o**2 - 79*o - 2 + 302*o. Give m(-1).
70
Let u be ((-2)/168*-8 - 0) + (-3340)/(-210). Let r(v) = 3*v**2 - 49*v + 12. Calculate r(u).
-4
Suppose 27*y - 1 = 21*y + 17. Let j(t) = 2*t - 13. Calculate j(y).
-7
Let f(b) be the second derivative of b**4/12 + 4*b**2 + b. Suppose -20*d + 8*d = -17*d - 23*d. Determine f(d).
8
Let y(l) = 7 - 3 + 0*l + 1 - l. Suppose 0 = -4*q - 13 + 1, -3*a + 402 = -3*q. Let k = a + -123. Give y(k).
-3
Let w(p) be the first derivative of 2*p**2 + p - 4403. Let a = 3 - 11. Let o = -11 - a. Calculate w(o).
-11
Let w(j) = j**3 + 8*j + 2 - 5*j**3 - 7*j**3 + 14*j**3 + 4*j**2 - 5*j. Suppose -20 + 10 = 5*y. What is w(y)?
-12
Let i(h) = h**2 + 4*h + 5. Suppose -3*x + 34 = 2*p, 5*x - 54 = -0*p - 2*p. Let s be 4*((-15)/x - 3/(-4)). Determine i(s).
2
Let r(z) = z**3 - 11*z**2 + 7*z - 9. Let a(b) = 4*b**2 + 155*b - 29. Suppose 23*h + 5*p - 24 = 24*h, 2*h - 5*p = -63. Let o be a(h). Calculate r(o).
-39
Let h be ((-21)/(-2))/((-195)/130). Let i(n) = n**3 + 9*n**2 + 10*n - 3. What is i(h)?
25
Let n(r) = -4*r + 27. Let j = -6466 - -6470. Calculate n(j).
11
Let k = 3832 + -3833. Let b(i) = 29*i**3 - 1. Give b(k).
-30
Let g(n) = 2*n**3 + 16*n**2 - 10*n - 171. Let t be g(-7). Let c(i) = -11*i - 46. Give c(t).
-13
Suppose -47*s = -49*s - 4. Let j(r) = -8*r - 20. Let h(w) = -3*w - 7. Let d(f) = 14*h(f) - 5*j(f). Give d(s).
6
Let b(g) be the first derivative of -g**4/4 - 7*g**3/3 - 7*g**2/2 - 5*g - 484. Let k(s) = 2*s - 3*s - 14 + 2*s. Let a be k(9). What is b(a)?
-20
Let a(m) = -86*m + 42*m + 43*m - 5 + 7*m**2. Let x(r) = -3*r**2 - 2*r + 1. Let b(k) = a(k) + 2*x(k). Let t = -8 - -11. Determine b(t).
-9
Suppose 9*w + 35 = 16*w. Let c(y) = -y + 76*y**2 + 3 - 81*y**2 + y**3 + 3. Determine c(w).
1
Let t(f) = -f**3 - f**2 + 5. Let x(u) = -5*u + 5 + 21*u - 10*u - 7*u. Let i be x(-6). Suppose -i*v = -7*v - 7*v. Calculate t(v).
5
Let c be (29 - (6 + -3))*-3*11/66. Let f(d) = -d**2 - 23*d - 137. What is f(c)?
-7
Let a(t) = t**2 - 1 + t + 3 + 10*t - 33 + t**2. Let g be a(2). Let b(x) = -8*x**2 - 2*x - 2. Determine b(g).
-8
Let j(d) = -2*d**3 + 18*d**2 + d - 12. Suppose 7 = -2*f + 3. Let o(w) = -2*w + 5. Let k be o(f). Let l be j(k). Let g(m) = m**2 - m - 4. What is g(l)?
8
Let k(p) = -5*p + 33. Let d be k(0). Let j = -8 + d. Let c(o) = 2 + j*o - 23*o - 8 + 0. Calculate c(4).
2
Let n(d) be the first derivative of -d**4/4 - d**3 + 2*d**2 + 14*d - 33. Calculate n(-5).
44
Let j(r) be the third derivative of r**4/8 + 10*r**3/3 + r**2 - 1053. Determine j(-3).
11
Let c(r) = 37*r - 104. Let p(g) = -25*g + 73. Let y(f) = 5*c(f) + 7*p(f). What is y(-4)?
-49
Suppose -12*f + 56 = -4*f. Let q(w) = -w**2 + 3*w + 32. Let g be q(f). Let s(r) = -r**3 + 5*r**2 - 5*r - 2. Give s(g).
-6
Let w(m) = m - 26. Let u be w(32). Let y(q) = -8 + 5 - 8*q - 2*q + 3*q - u*q. What is y(-2)?
23
Suppose 0 = 3*n + h + 49, 2*n + 0*h + 42 = -3*h. Let j(g) = g**3 + 17*g**2 + 27*g - 23. Give j(n).
22
Let f(t) = t**2 + 978 + 954 + 2*t + 7*t - 1954. Calculate f(-9).
-22
Suppose -4*r + 43 = 3*c, -3*c - 2*c + 41 = -r. Suppose 8*h = c*h. Suppose -20*k + 22*k - 2 = h. Let j(i) = 7*i**3 - 2*i**2 + 2*i - 1. Calculate j(k).
6
Suppose -17 = -5*w - 2. Let m be (-222)/(-111)*(3/2)/w. Let x(h) be the second derivative of -3*h**5/10 - h**2/2 - 2*h. Calculate x(m).
-7
Let j(c) = 20*c + 30. Let s(w) = 9*w - 1. Let r(a) = j(a) - 3*s(a). Determine r(6).
-9
Let y(m) = -m**3 - 40*m**2 - 48*m - 349. Let s be y(-39). Let d(q) = 76*q - 152. What is d(s)?
0
Let x(a) = 707*a - 4962. Let n be x(7). Let g(b) = -2*b**2 - 28*b - 9. What is g(n)?
17
Let j(o) = -18*o - 7. Let q(l) = -25*l - 11. Let p(f) = 4*j(f) - 3*q(f). Suppose -6*b - 15 = -b. Calculate p(b).
-4
Let l(j) = 9*j**3 - 12*j**2 - j + 9. Let r(y) = -13*y**3 + 13*y**2 + 2*y - 9. Let s(d) = 3*l(d) + 2*r(d). Give s(10).
19
Let v(b) = b**2 + 5*b - 14. Let x = -141 - -132. Give v(x).
22
Suppose -11*b = -20*b + 18. Let g(n) = 79*n**3 - 16 + 3*n + b*n**2 - n - 78*n**3 - 9*n**2. Give g(7).
-2
Let o(v) = -v**2 + 4*v + 4. Let a(z) = z**3 + 20*z**2 - 20*z - 23. Let x be a(-21). Let b be x/(-6) - 50/150. Calculate o(b).
-17
Let n(o) = 2*o - o**2 - 165 + 103 + 59. What is n(2)?
-3
Let w be (-1)/((-22)/(-12)) - 5287/(-3421). Let s(c) = 9*c**2 + 1. Calculate s(w).
10
Let y = 7345 + -7341. Let m(x) = 3*x + 1 - 8*x - 8 + 2*x**2. Calculate m(y).
5
Let b(g) = 2*g**2 + 6*g - 3. Let z be b(-4). Let y = z + 8. Let a(q) = -y + 2*q + 5 - 9*q + 4*q. Give a(-6).
10
Let z(w) = w**2 + 7*w + 6. Let g be (-352)/(-3) - (-36)/54. Let m = g - 97. Suppose -c - 21 = 2*s + 2*c, -4*s = -c + m. What is z(s)?
0
Let b(f) = -6*f + 88. Let a(r) = -5*r + 88. Let c(z) = 6*a(z) - 7*b(z). Determine c(8).
8
Let g(n) = -11*n + 32. Let k(w) = -32*w + 110. Let v(m) = -11*g(m) + 4*k(m). Determine v(14).
-10
Let w = -1590 + 1587. Let y = -5 - -9. Let s(f) = -8*f + 1 - 8 + 8 - y. Calculate s(w).
21
Let u(o) = -3*o + 40. Suppose -137*t = -421 - 812. Give u(t).
13
Let y(f) = 2*f**2 - f + 1. Let k(m) be the first derivative of -m**3/3 + 13*m**2/2 - 5*m - 24. Let v be k(12). Suppose -2 = v*d - 6*d. Give y(d).
11
Let y = 3449 + -3446. Let m(h) be the third derivative of -11/24*h**4 - 1/6*h**y + 0 - 7*h**2 + 0*h. Calculate m(-1).
10
Let k(i) be the first derivative of -22*i**2 - 2/3*i**3 + 0*i - 1/12*i**4 + 34 + 1/60*i**5. Let x(f) be the second derivative of k(f). Determine x(-3).
11
Let r(y) = y**3 - 7*y**2 + 2*y - 20. Let k = 299 + -292. Calculate r(k).
-6
Let x(d) = -4*d**2 + d + 2. Let z = 24 - 19. Let k(s) = -2 + 9*s**2 + 0*s**2 + 2*s**2 - 6*s**2. Let i(r) = z*k(r) + 6*x(r). What is i(-7)?
9
Suppose 10 - 190 = -4*z. Let k(p) = 7*p + z - 14 - 17 - p**2 - 17. Calculate k(5).
7
Let a(r) be the second derivative of 2*r**3/3 + 5*r**2/2 + 3737*r. What is a(-7)?
-23
Let x(d) = 388*d**2 + 4*d + 10 + d**3 - 15 - 31 - 399*d**2. Calculate x(11).
8
Suppose 3*d - 10140*g - 47 = -10135*g, -3*g - 29 = -2*d. Let y(q) = -q. Let i(u) = -3*u + 1. Let k(h) = -2*i(h) + 7*y(h). What is k(d)?
-6
Let l(w) = 29*w + 13 + 9 + 49 + 22. Let o be l(-3). Let b(c) be the third derivative of c**4/12 - c**3/6 + 3*c**2. What is b(o)?
11
Let m(f) = 1. Suppose 132 = -4*d + 2*h, -2*d - 2*h = -27 + 87. Let b = d - -28. Let x(j) = -j + 3. Let p(o) = b*m(o) + x(o). Give p(1).
-2
Let l(w) = -w**3 - 7*w**2 - 5*w + 1. Suppose 109 = -7*r + 3469. Suppose -6*c + 2*c - r = 3*y, 5*c + 600 = y. Let b = 114 + c. Determine l(b).
-5
Let g = 4 - 7. Let j(i) = -7*i + 9. Let y(q) = 20*q - 26. Suppose -2*h - 3*h = -4*z + 77, 3*z = -6. Let b(w) = h*j(w) - 6*y(w). What is b(g)?
6
Let u(x) = 2*x**3 - 122*x**2 + 117*x + 194. Let g be u(60). Let a(d) = -d**3 + 15*d**2 - 15*d - 2. Give a(g).
-16
Suppose -66 - 11 = -5*r - 2*g, -3*g = 5*r - 78. Suppose r = 6*v - 3. Let u(z) = -8*z + 1 + 2*z + v*z. Calculate u(1).
-2
Let v = 1 - -9. Suppose 15*q - 20 = v*q. Let t(o) = -1 + 1 + 9 + q*o. Determine t(-6).
-15
Let g(n) be the second derivative of -n**4/4 - n**3/6 + 23*n**2/2 - 2*n + 557. Determine g(-3).
-1
Suppose 0 = -0*f - 3*f. Let k = f + -7. Let n(s) = -21*s - 245. Let t(v) = 4*v + 45. Let p(c) = 4*n(c) + 22*t(c). Determine p(k).
-18
Suppose 14*c + 4*h + 11 = 19*c, -3*h = c - 6. Let w(f) = -4*f - 2 - c*f**2 + 7*f**2 - 2*f**3 - 2*f**2 + 5*f + f. Calculate w(2).
-6
Let x(z) = -2*z**3 - 29*z**2 + 46*z - 31. Suppose -v = -5*q + 15*q + 163, 2*v = 5*q + 74. What is x(q)?
1
Suppose -2*i + 8 = z - 2, 3*z = 4*i. Suppose -k + 4 = -i*k. Let p(w) be the second derivative of -w**4/12 - w**3/2 - 3*w**2/2 + 173*w. Determine p(k).
-1
Suppose 7625 - 7499 = -14*r. Let l(m) = m**3 + 5*m**2 - 34*m + 10. What is l(r)?
-8
Let q(g) = 26*g + 103. Let u = 8351 + -8355. Calculate q(u).
-1
Let o(z) = 2*z**2 + 24*z - 5. Let l be o(-12). Let h(s) = s**2 + 18*s + 58. Let t be h(l). Let p(i) = -i - 3. Give p(t).
4
Let d(g) be the third derivative of 3*g**5/20 - g**4/4 - g**3/3 + 20*g**2. Let n(i) = -i**3 - i**2 + 1. Let j(c) = -d(c) - n(c). Give j(7).
-6
Suppose 0 = -5*p + 22*h + 74, -5*h + 7 - 11 = p. Let y(b) = b**2 - 12*b + 26. Calculate y(p).
-10
Let r(y) = -7*y**2 + 75*y + 2524. Let a(j) = -4*j**2 + 43*